t w(o) = -o**2 + 81*o - 633. What is w(68)?
251
Let d(o) = 3*o**3 - 4*o**2 - 4*o + 8. Calculate d(4).
120
Let y(n) = -2*n**2 + 48*n + 157. Calculate y(27).
-5
Let v(g) = -g**3 + 17*g**2 + 22*g + 32. What is v(18)?
104
Let o(v) = -v**2 + 37*v - 183. Determine o(6).
3
Let n(t) = t - 312. What is n(-17)?
-329
Let i(h) = 8*h**3 - 487*h**2 - 55*h - 372. Give i(61).
-6
Let c(x) = -46*x - 2725. Determine c(-59).
-11
Let g(f) = -f**2 + 85*f - 817. What is g(11)?
-3
Let p(s) = -87*s**2 + 29*s + 29. What is p(-1)?
-87
Let h(g) = 4549*g - 559521. Give h(123).
6
Let c(u) = -2*u**3 + 106*u**2 - 1141*u + 37. Give c(38).
-1
Let z(g) = -18*g + 68. Calculate z(17).
-238
Let g(i) = -5931*i + 25. Give g(0).
25
Let a(s) = -153*s - 1383. Calculate a(-9).
-6
Let f(o) = o**3 + o**2 - 22*o - 17. Determine f(0).
-17
Let f(w) = w**2 - 149. Give f(-12).
-5
Let s(r) = -9*r**2 + 238*r + 21. Calculate s(25).
346
Let w(k) = 4*k**2 - 197*k - 582. Give w(52).
-10
Let i(x) = -5*x**3 - 31*x**2 - 5*x + 19. Determine i(-6).
13
Let t(i) = -68*i + 269. Determine t(4).
-3
Let l(a) = 11392*a + 79730. Give l(-7).
-14
Let v(o) = 3*o + 394. Calculate v(41).
517
Let x(s) = s**3 + 132*s**2 - 8877*s + 389. Calculate x(49).
-3
Let b(t) = 8*t**3 - 584*t**2 + t - 77. Determine b(73).
-4
Let l(r) = 4*r**3 + 259*r**2 - 61*r + 295. What is l(-65)?
35
Let x(o) = -o**3 + 42*o**2 - 33*o - 330. Give x(41).
-2
Let m(h) = -6*h**3 + 3*h**2 - 12. Calculate m(0).
-12
Let h(r) = 56*r - 1282. Give h(23).
6
Let v(c) = 15*c + 151. What is v(-14)?
-59
Let b(k) = -41*k**3 - 204*k**2 + 3*k + 8. What is b(-5)?
18
Let m(i) = 55*i**2 + 282*i - 288. What is m(-6)?
0
Let c(o) = o**2 + 38*o + 340. Give c(-23).
-5
Let j(w) = w**3 + 24*w**2 - 22*w - 141. Calculate j(-25).
-216
Let k(j) = j**3 + 52*j**2 - 271*j + 797. Determine k(-57).
-1
Let i(f) = -4*f**2 + 112*f + 128. Give i(29).
12
Let z(a) = 7*a**2 - 49*a + 18. What is z(6)?
-24
Let v(j) = -j**2 - 7*j + 152. Calculate v(-18).
-46
Let i(s) = 2*s**3 + 3*s**2 + 16*s + 11. What is i(0)?
11
Let v(z) = z**3 + 14*z**2 + 28*z - 130. What is v(-10)?
-10
Let u(s) = 1832*s - 5494. Determine u(3).
2
Let f(l) = 254*l - 24. Determine f(1).
230
Let i(z) = z**2 - 604*z - 3050. Give i(-5).
-5
Let b(y) = 129*y + 2010. What is b(-16)?
-54
Let y(j) = -j**2 - 218*j - 6. Determine y(-218).
-6
Let d(l) = 2*l**3 - 69*l**2 + 245*l - 9798. Calculate d(35).
2
Let y(z) = -2*z**3 - 24*z**2 - 21*z + 1. Give y(-11).
-10
Let c(a) = a - 28. What is c(8)?
-20
Let h(d) = d**3 + 33*d**2 - 232*d - 10. Give h(6).
2
Let x(o) = o**3 + 5*o**2 + 7*o - 12. Give x(-7).
-159
Let h(g) = -3691*g - 29532. Give h(-8).
-4
Let t(m) = 24*m + 2554. What is t(-106)?
10
Let d(n) = -17100*n + 68402. What is d(4)?
2
Let k(a) = 4*a**2 - 24*a + 45. What is k(11)?
265
Let j(g) = -7*g**3 + 110*g**2 - 77*g + 41. Give j(15).
11
Let x(w) = -2*w**3 + 60*w**2 - 3*w + 69. Determine x(30).
-21
Let q(s) = 6*s**3 + 18*s**2 - 3*s + 4. Calculate q(-3).
13
Let l(a) = -88*a**2 + 253*a + 22. Give l(3).
-11
Let w(m) = -179*m + 30419. Determine w(170).
-11
Let y(z) = -3*z - 40. Give y(-24).
32
Let r(y) = -2*y**3 + 12*y**2 + 40*y - 94. What is r(7)?
88
Let h(m) = 2*m**3 + 17*m**2 + 36*m + 18. Calculate h(-5).
13
Let w(t) = -t**3 - 13*t**2 + 14*t + 38. Give w(-13).
-144
Let h(o) = -2*o**3 + 7*o**2 + o + 21. Calculate h(0).
21
Let s(j) = 2658*j - 98312. Give s(37).
34
Let q(n) = n**2 - 36*n + 133. What is q(32)?
5
Let c(o) = -o**3 - 115*o**2 - 223*o + 331. Calculate c(-113).
-8
Let c(r) = r**3 + 125*r**2 + 707*r - 815. Determine c(-119).
18
Let p(h) = -12*h**2 + 1950*h - 1949. What is p(1)?
-11
Let c(b) = -7*b**2 - 464*b + 341. Determine c(-67).
6
Let d(y) = y**3 + 37*y**2 + 39*y + 35. Determine d(-36).
-73
Let o(n) = -41*n - 496. Calculate o(-14).
78
Let u(m) = -168*m - 503. Calculate u(-4).
169
Let m(h) = 21129*h - 211289. Calculate m(10).
1
Let x(s) = 29*s**2 - 34*s + 10. Determine x(2).
58
Let f(h) = -4*h**3 - 58*h**2 + 909*h - 79. Give f(-24).
-7
Let x(n) = n**2 + 161*n - 646. Determine x(4).
14
Let y(x) = -340*x + 2688. Calculate y(8).
-32
Let b(n) = n**3 + 91*n**2 - 189*n - 283. Determine b(-93).
-4
Let g(a) = -18*a - 131. Determine g(-15).
139
Let v(g) = g**3 - 6*g**2 + 1171*g - 6990. What is v(6)?
36
Let n(k) = 11*k**2 - 195*k - 59. Determine n(18).
-5
Let z(c) = -c**2 + 9*c - 25. Determine z(7).
-11
Let u(t) = 5110*t + 51100. Give u(-10).
0
Let o(r) = r**2 + 8*r - 158. Determine o(-18).
22
Let r(g) = 3*g**3 + 41*g**2 + 77*g - 1. What is r(-2)?
-15
Let p(l) = -3*l**3 + 19*l**2 + 11*l + 19. What is p(7)?
-2
Let l(n) = -n**3 - 37*n**2 - 276*n + 268. Calculate l(-26).
8
Let s(z) = -1720*z - 5179. Determine s(-3).
-19
Let r(s) = 91*s + 277. Determine r(-6).
-269
Let a(o) = -o**2 - 13*o + 192. Calculate a(-22).
-6
Let b(u) = -3*u - 99. Determine b(-34).
3
Let f(g) = 85*g + 1779. Determine f(-24).
-261
Let h(j) = -j**2 + 34*j - 142. Determine h(7).
47
Let u(p) = -2*p**3 + p**2 - p + 26. Calculate u(0).
26
Let h(s) = 2*s**3 - 24*s**2 + 8*s - 68. Give h(12).
28
Let j(l) = l**2 - 3*l - 279. Calculate j(18).
-9
Let z(x) = -x**2 + 235*x + 169. Calculate z(0).
169
Let t(h) = 4*h**2 + 35*h - 15. What is t(-7)?
-64
Let o(i) = -35*i - 222. Give o(-3).
-117
Let i(z) = 134*z + 18. Give i(1).
152
Let x(v) = 6*v**3 - v**2 - 126*v + 246. Give x(2).
38
Let n(m) = -m**3 + 6*m**2 + 4*m + 6. What is n(6)?
30
Let c(m) = -m**2 - 170*m - 499. What is c(-167)?
2
Let n(k) = 3*k**2 + 69*k + 11. Calculate n(-23).
11
Let v(d) = -d**3 + 9*d**2 - 23*d + 64. Determine v(7).
1
Let d(v) = -v**2 - 870*v + 56789. What is d(61)?
-2
Let u(b) = -b**3 + 31*b**2 + 449*b - 13337. Determine u(32).
7
Let y(f) = -f**2 + 58*f - 8. Calculate y(56).
104
Let t(n) = 11*n**2 - 1131*n - 1129. Give t(-1).
13
Let h(n) = 20*n**2 + 98*n + 113. Calculate h(-3).
-1
Let l(x) = x**3 - 43*x**2 + 131*x - 425. Calculate l(40).
15
Let m(s) = -7599*s + 53195. Determine m(7).
2
Let y(f) = f**2 - 71*f + 138. Give y(2).
0
Let o(p) = -182*p - 2740. Calculate o(-15).
-10
Let q(b) = 32*b**2 + 388*b + 33. What is q(-12)?
-15
Let u(l) = -1906*l - 51458. Calculate u(-27).
4
Let z(o) = -12*o + 93. What is z(1)?
81
Let d(n) = -2*n**2 - 28*n + 261. Determine d(-20).
21
Let q(p) = -12*p**3 - 2*p**2 - 7*p - 3. Give q(-1).
14
Let r(m) = 15*m**2 + 92*m - 2364. Determine r(-16).
4
Let y(a) = 8*a**2 + 19*a + 19. What is y(-1)?
8
Let l(c) = -c**2 - 29*c + 181. What is l(-34)?
11
Let r(w) = -w**3 - 15*w**2 - 39*w - 22. Calculate r(-11).
-77
Let z(j) = 4863*j + 19491. What is z(-4)?
39
Let f(d) = -175*d + 493. Determine f(3).
-32
Let s(c) = -c**2 + 28*c + 418. What is s(38)?
38
Let p(a) = 101*a - 776. Give p(8).
32
Let u(m) = 11*m**2 + 1252*m + 1008. What is u(-113)?
-9
Let w(l) = 15*l**2 - 5*l + 19. Give w(2).
69
Let r(t) = -254*t + 8888. Give r(35).
-2
Let y(a) = a**3 - 48*a**2 + 174*a + 91. Give y(44).
3
Let b(i) = -55*i - 247. What is b(-5)?
28
Let g(w) = 244*w + 238. Determine g(-1).
-6
Let u(d) = -2*d**2 - 133*d - 1274. Give u(-9).
-239
Let w(v) = -v**3 - 20*v**2 - 29*v + 25. Calculate w(-18).
-101
Let o(m) = m**3 + 11*m**2 - 3*m + 10. Give o(-5).
175
Let k(x) = -x**2 - 31*x + 704. What is k(-46)?
14
Let n(d) = 2*d + 22. Give n(41).
104
Let r(h) = -5*h**2 - 188*h + 12. Give r(-38).
-64
Let p(a) = -5*a**2 + 106*a - 357. Calculate p(17).
0
Let y(r) = -31*r + 82. What is y(0)?
82
Let r(s) = -s**3 - 34*s**2 - 68*s - 157. Determine r(-32).
-29
Let q(n) = 60*n - 368. Determine q(2).
-248
Let c(u) = -3*u**3 + 27*u + 118. Determine c(-4).
202
Let n(b) = 525*b + 4696. Calculate n(-9).
-29
Let x(j) = 29*j + 194. Determine x(-7).
-9
Let w(l) = 19*l + 192. Determine w(-10).
2
Let o(w) = 8*w**2 - 70*w + 122. Calculate o(6).
-10
Let h(r) = 477*r - 2880. Calculate h(6).
-18
Let t(p) = 5*p - 40. Determine t(8).
0
Let m(y) = 2*y**3 - 34*y**2 - 19*y + 326. What is m(17)?
3
Let c(q) = 8*q**2 - 465*q - 61. Give c(58).
-119
Let b(a) = -a**2 + 23*a + 11. Determine b(24).
-13
Let i(l) = -3*l**2 - 250*l - 2198. Determine i(-10).
2
Let h(i) = 2*i**3 - 13*i**2 + 4*i + 40. Give h(6).
28
Let o(z) = -20*z + 765. What is o(37)?
25
Let u(i) = -18*i**2 + 238*i - 237. Give u(1).
-17
Let g(s) = -9*s - 31. What is g(-3)?
-4
Let t(k) = 122*k - 2397. Give t(20).
43
Let b(n) = -32*n + 640. Calculate b(19).
32
Let r(q) = 209*q**3 + 2*q**2 - 2*q - 2